 k(o) = o**2 + 6*o + 5. What is k(-8)?
21
Let s(o) = -o**3 + 2*o**2 + 6*o - 5. Calculate s(4).
-13
Let j(h) = -3*h**3 - 2*h**2 + 8*h - 5. Calculate j(2).
-21
Let d(q) = -9*q - 6. Determine d(-3).
21
Let o(d) = 6*d**3 + 2*d**2 - d - 1. Determine o(-2).
-39
Let n(o) = 3*o**2 - 3*o + 3. Give n(3).
21
Let d(a) = a**3 - 15*a**2 - 2*a + 34. Give d(15).
4
Let s(a) = -a**3 + 10*a**2 + 13*a - 7. What is s(11)?
15
Let p(l) = -l**3 - 14*l**2 - 8*l + 25. Give p(-13).
-40
Let b(u) = -6*u**2 + 14*u - 5. Determine b(5).
-85
Let g(m) = -27*m**2 + 2*m + 1. Determine g(-1).
-28
Let c(u) = -u**3 - 15*u**2 + 24*u + 129. Give c(-16).
1
Let h(k) = 3*k + 23. Determine h(-7).
2
Let y(v) = v**3 - 6*v**2 + 3*v - 6. What is y(6)?
12
Let f(o) = -o + 11. Determine f(-5).
16
Let o(c) = -c**2 + 13*c - 10. Give o(10).
20
Let v(o) = o**3 + 13*o**2 + 12*o + 20. Determine v(-12).
20
Let m(x) = 11*x - 1. Determine m(-2).
-23
Let o(y) = y**3 - 15*y**2 + 20*y + 74. Give o(13).
-4
Let c(x) = -4*x - 2. Calculate c(2).
-10
Let u(k) = -k + 65. Give u(0).
65
Let a(y) = y**3 - y**2 + y + 2. Calculate a(0).
2
Let u(l) = -8*l - 51. Determine u(-7).
5
Let s(j) = j - 14. Calculate s(-6).
-20
Let q(r) = r**2 + 3*r - 4. What is q(2)?
6
Let w(u) = u**2 - u + 64. Calculate w(0).
64
Let y(g) = -g**3 + g**2 + 2*g. Determine y(-1).
0
Let v(g) = 2*g + 9. Determine v(16).
41
Let f(i) = 31*i + 3. Calculate f(-1).
-28
Let x(q) = q**2 - 9*q. What is x(9)?
0
Let u(t) = -10*t**3 - t**2. What is u(-1)?
9
Let b(m) = 5*m**2 - 5*m. Give b(-4).
100
Let k(p) = -p**3 + 10*p**2 - 6*p - 39. Give k(9).
-12
Let k(j) = -j + 23. What is k(6)?
17
Let x(k) = k**2 - 13*k + 24. What is x(6)?
-18
Let v(r) = -2*r - 16. Calculate v(23).
-62
Let c(k) = -16*k**3 + k**2 + 2*k - 2. Give c(1).
-15
Let f(k) = -6*k - 19. What is f(4)?
-43
Let y(f) = -f**3 + 20*f**2 + 43*f + 20. Give y(22).
-2
Let a(s) = s**3 - 12*s**2 + 9*s + 19. What is a(11)?
-3
Let i(a) = 7*a**3 - 2*a**2 + 2*a - 1. Calculate i(1).
6
Let u(x) = 2*x**2 + 10*x + 26. What is u(-4)?
18
Let q(f) = -f**2 - 2*f + 14. Calculate q(-4).
6
Let n(q) = q**2 + 8*q + 8. Determine n(-6).
-4
Let i(x) = 2*x**2 + 117*x - 187. Determine i(-60).
-7
Let j(n) = -n**3 + 14*n**2 - 28*n + 36. What is j(12)?
-12
Let k(l) = 2*l**2 - 2*l. Give k(3).
12
Let y(t) = -t**2 - t - 5. Give y(0).
-5
Let s(d) = -d**2 + 7*d - 11. Give s(10).
-41
Let q(c) = -c**3 + 41*c**2 - 31*c - 354. Give q(40).
6
Let w(d) = d**3 - 17*d**2 + 17*d - 14. Give w(16).
2
Let a(j) = j**3 + 13*j**2 - j + 2. Calculate a(-13).
15
Let k(y) = -y**3 + 4*y**2 - y. What is k(2)?
6
Let l(w) = w**2 - 5*w - 3. Determine l(8).
21
Let m(l) = -5*l - 25. What is m(10)?
-75
Let b(y) = 5*y**2 - 5*y + 15. Calculate b(2).
25
Let x(b) = -b**2 - 8*b - 2. What is x(-10)?
-22
Let h(u) = 7*u**3 - u**2 - 2*u + 2. What is h(1)?
6
Let u(s) = 3*s**2 + 47*s - 29. What is u(-16)?
-13
Let s(x) = x + 24. Determine s(-16).
8
Let f(t) = -2*t**2 + 8*t + 60. Determine f(-5).
-30
Let t(a) = a**3 - 5*a**2 - 8*a - 7. Determine t(6).
-19
Let j(v) = -v**3 + 6*v**2 + 7*v + 2. Give j(7).
2
Let a(c) = c + 13. Give a(6).
19
Let g(i) = i**2 - 27*i + 19. Give g(28).
47
Let w(z) = -2*z**3 + 34*z**2 - 31*z - 9. What is w(16)?
7
Let g(j) = j**3 + 11*j**2 + 11*j + 9. Determine g(-10).
-1
Let f(w) = -w**3 - 12*w**2 + w + 16. Calculate f(-12).
4
Let b(w) = w**3 + 4*w**2 + 2*w - 7. Determine b(-5).
-42
Let j(s) = -4*s**2 - 2*s + 1. What is j(1)?
-5
Let k(h) = -8*h - 1. Determine k(-2).
15
Let a(f) = -5*f + 103. Give a(22).
-7
Let i(w) = 6*w**2 + 4*w - 2. Give i(0).
-2
Let y(t) = -7*t + 264. Determine y(40).
-16
Let l(z) = -z**2 - 12*z - 10. What is l(-11)?
1
Let i(q) = -q**2 - 10*q - 11. Determine i(-9).
-2
Let p(r) = -r**3 - 5*r**2 + 2*r + 13. Determine p(-5).
3
Let b(i) = -i**3 - 6*i**2 - i + 1. Calculate b(-6).
7
Let b(t) = -4*t + 9. Calculate b(4).
-7
Let p(v) = v**3 - 9*v**2 + v - 2. What is p(8)?
-58
Let r(g) = -9*g**3 + 2*g**2 - 1. Determine r(1).
-8
Let z(h) = -h**3 + 13*h**2 - 4*h + 17. Calculate z(13).
-35
Let g(k) = -k**3 + 6*k**2 - 7*k + 5. What is g(5)?
-5
Let b(n) = -n**3 - 6*n**2 + 17*n + 3. Calculate b(-8).
-5
Let i(h) = 7*h**3 - 1. What is i(-1)?
-8
Let x(r) = 4*r - 23. Determine x(4).
-7
Let l(g) = 3*g**3 + 18*g**2 + 13*g - 4. Give l(-5).
6
Let f(k) = k**3 + 7*k**2 - 13*k - 24. What is f(-8)?
16
Let n(u) = u**3 - 9*u**2 + 11*u - 28. Give n(8).
-4
Let p(v) = -18*v + 89. Determine p(5).
-1
Let c(i) = i**2 - 6*i + 11. Determine c(4).
3
Let c(k) = k**2 - k + 7. Calculate c(5).
27
Let c(o) = o**3 + 3*o**2 + o - 2. Calculate c(-2).
0
Let x(f) = f**3 - 13*f**2 + 43*f - 11. Calculate x(8).
13
Let k(y) = 2*y**2 + 16*y - 7. Determine k(-8).
-7
Let k(w) = -31*w. Calculate k(-1).
31
Let l(j) = j + 51. Calculate l(11).
62
Let b(m) = -m**2 + 6*m - 2. What is b(7)?
-9
Let w(v) = v**3 - 7*v**2 - 7*v + 3. Give w(7).
-46
Let l(k) = k + 31. Calculate l(-20).
11
Let x(h) = 3*h**2 - 19*h + 13. What is x(5)?
-7
Let m(h) = -2*h**2 - 24*h + 4. Give m(-12).
4
Let n(a) = a + 7. Give n(3).
10
Let u(j) = 6*j + 49. What is u(-8)?
1
Let u(w) = -2*w**3 - 7*w**2 - w + 10. What is u(-3)?
4
Let f(s) = -s**3 + 16*s**2 + 38*s - 44. What is f(18)?
-8
Let a(d) = 13*d - 38. Determine a(3).
1
Let x(d) = -3*d + 45. Calculate x(13).
6
Let k(g) = -4*g + 7. Give k(9).
-29
Let m(y) = y**2 + 14*y + 14. What is m(-11)?
-19
Let y(f) = -f**2 - 257*f + 781. Calculate y(3).
1
Let r(d) = -2*d - 70. What is r(-26)?
-18
Let c(m) = -2*m**2 + 6*m - 5. Calculate c(2).
-1
Let v(o) = -o**2 + 7*o + 23. Give v(13).
-55
Let u(a) = -39*a**3 - 7*a**2 - 7*a - 1. Determine u(-1).
38
Let v(k) = k**3 - 6*k**2 - 5*k + 1. Calculate v(7).
15
Let g(o) = -o**3 + 37*o**2 - 70*o + 9. Determine g(35).
9
Let o(k) = k**3 + k - 9. What is o(0)?
-9
Let s(y) = y**2 - 22*y + 94. Calculate s(6).
-2
Let n(w) = -3*w**3 - w**2 - 3*w + 12. Calculate n(0).
12
Let r(k) = -k**2 - 3*k + 38. Give r(6).
-16
Let y(r) = -r**2 + 18*r - 59. What is y(4)?
-3
Let g(q) = -q**3 + 9*q**2 + 13*q + 8. What is g(10)?
38
Let l(x) = x**3 + 7*x**2 + x + 11. Determine l(-7).
4
Let q(b) = 44*b + 4. Determine q(-1).
-40
Let a(i) = 102*i**3 - 2*i - 1. Determine a(-1).
-101
Let r(f) = 139*f - 130. Calculate r(1).
9
Let y(x) = -x + 2. Determine y(-7).
9
Let g(p) = p**3 - 3*p**2 - 5*p + 8. Determine g(4).
4
Let o(z) = 4*z + 198. What is o(-48)?
6
Let a(j) = -3*j**2 + 69*j + 66. Determine a(24).
-6
Let t(g) = -g**3 + g**2 - g + 1. What is t(0)?
1
Let a(f) = f**2 - 15*f + 16. What is a(9)?
-38
Let f(z) = -z**2 + 7*z - 5. What is f(5)?
5
Let d(u) = u**2 - 2*u. Calculate d(-6).
48
Let r(s) = -6*s**3 + s**2 - s. What is r(1)?
-6
Let n(h) = h**2 - 3*h - 3. Determine n(-2).
7
Let a(y) = -y**2 + 11*y. What is a(10)?
10
Let q(x) = -13*x + 153. Determine q(0).
153
Let g(n) = n**3 + 9*n**2 + 3*n + 5. What is g(-9)?
-22
Let f(r) = r**3 + 11*r**2 + 25*r - 1. Determine f(-6).
29
Let o(m) = 3*m**2 - 43*m - 33. Calculate o(15).
-3
Let s(o) = 7*o - 12. Give s(3).
9
Let a(k) = k**3 - 5*k**2 + 3*k - 1. What is a(3)?
-10
Let d(i) = i**3 + 7*i**2 + 12*i + 14. Determine d(-4).
14
Let f(k) = 14*k - 13. Determine f(0).
-13
Let r(m) = -m**3 - 12*m**2 - 29*m - 9. What is r(-9)?
9
Let v(s) = -s**2 + 6*s + 3. Determine v(-4).
-37
Let d(m) = -18*m + 284. What is d(15)?
14
Let r(j) = j + 2. What is r(6)?
8
Let j(m) = 2*m + 10. What is j(-5)?
0
Let r(n) = n**3 + 17*n**2 + 19*n + 5. Give r(-16).
-43
Let x(g) = 8*g - 22. What is x(3)?
2
Let j(s) = -2*s**2 + 8*s - 8. Determine j(4).
-8
Let n(h) = h**3 + 20*h**2 - 26*h - 27. Calculate n(-21).
78
Let y(j) = 8*j**2 + 5*j + 5. What is y(-1)?
8
Let c(g) = 2*g**2 - 13*g - 6. Give c(7).
1
Let y(k) = -2*k**2 - 35*k - 21. Give y(-17).
-4
Let q(p) = -p + 17. Calculate q(8).
9
Let x(s) = s**3 - 16*s**2 + 33*s - 28. What is x(13)?
-106
Let h(x) = x**2 + 27*x + 101. What is h(-23)?
9
Let c(b) = -b + 2. Give c(2).
0
Let j(c) = -c**2 - 17*c + 3. Calculate j(-17).
3
Let h(p) = -p + 11. Calculate h(4).
7
Let k(f) = f**2 - f - 79. Determine k(10).
11
Let d(x) = 3*x**3 + 2*x**2 + 2*x. Give d(-1).
-3
Let h(c) = c + 26. Calculate h(14).
40
Let i(x) = 2*x**2 - 10*x + 9. Determine i(6).
21
Let l(p) = p**2 + 10. What is l(-3)?
19
Let p(v) = 2*v**3 - 8*v**2 - 19*v + 44. Determine p(5).
-1
Let s(p) = -3*p - 83. Determine s(-26).
-5
Let k(q) = -q**3 + 3*q**2 + 17*q + 5. Giv